{"id":239,"date":"2020-08-12T12:45:14","date_gmt":"2020-08-12T12:45:14","guid":{"rendered":"http:\/\/emrg-tcs.com\/?page_id=239"},"modified":"2020-08-19T07:55:53","modified_gmt":"2020-08-19T07:55:53","slug":"systemdetails","status":"publish","type":"page","link":"https:\/\/emrg-tcs.com\/?page_id=239","title":{"rendered":"Systemdetails"},"content":{"rendered":"\t\t<div data-elementor-type=\"wp-page\" data-elementor-id=\"239\" class=\"elementor elementor-239\" data-elementor-settings=\"[]\">\n\t\t\t<div class=\"elementor-inner\">\n\t\t\t\t<div class=\"elementor-section-wrap\">\n\t\t\t\t\t\t\t<section class=\"elementor-element elementor-element-115fbae elementor-section-boxed elementor-section-height-default elementor-section-height-default elementor-section elementor-top-section\" data-id=\"115fbae\" data-element_type=\"section\">\n\t\t\t\t\t\t<div class=\"elementor-container elementor-column-gap-default\">\n\t\t\t\t<div class=\"elementor-row\">\n\t\t\t\t<div class=\"elementor-element elementor-element-27729c6 elementor-column elementor-col-100 elementor-top-column\" data-id=\"27729c6\" data-element_type=\"column\">\n\t\t\t<div class=\"elementor-column-wrap  elementor-element-populated\">\n\t\t\t\t\t<div class=\"elementor-widget-wrap\">\n\t\t\t\t<div class=\"elementor-element elementor-element-980c615 elementor-widget elementor-widget-image\" data-id=\"980c615\" data-element_type=\"widget\" data-widget_type=\"image.default\">\n\t\t\t\t<div class=\"elementor-widget-container\">\n\t\t\t\t\t<div class=\"elementor-image\">\n\t\t\t\t\t\t\t\t\t\t<img width=\"4961\" height=\"3508\" src=\"https:\/\/emrg-tcs.com\/wp-content\/uploads\/2020\/08\/Grafik_Datenstro\u0308me_180820_01-003-01.png\" class=\"attachment-full size-full\" alt=\"\" decoding=\"async\" loading=\"lazy\" srcset=\"https:\/\/emrg-tcs.com\/wp-content\/uploads\/2020\/08\/Grafik_Datenstro\u0308me_180820_01-003-01.png 4961w, https:\/\/emrg-tcs.com\/wp-content\/uploads\/2020\/08\/Grafik_Datenstro\u0308me_180820_01-003-01-300x212.png 300w, https:\/\/emrg-tcs.com\/wp-content\/uploads\/2020\/08\/Grafik_Datenstro\u0308me_180820_01-003-01-1024x724.png 1024w, https:\/\/emrg-tcs.com\/wp-content\/uploads\/2020\/08\/Grafik_Datenstro\u0308me_180820_01-003-01-768x543.png 768w, https:\/\/emrg-tcs.com\/wp-content\/uploads\/2020\/08\/Grafik_Datenstro\u0308me_180820_01-003-01-1536x1086.png 1536w, https:\/\/emrg-tcs.com\/wp-content\/uploads\/2020\/08\/Grafik_Datenstro\u0308me_180820_01-003-01-2048x1448.png 2048w\" sizes=\"(max-width: 4961px) 100vw, 4961px\" \/>\t\t\t\t\t\t\t\t\t\t\t<\/div>\n\t\t\t\t<\/div>\n\t\t\t\t<\/div>\n\t\t\t\t\t\t<\/div>\n\t\t\t<\/div>\n\t\t<\/div>\n\t\t\t\t\t\t<\/div>\n\t\t\t<\/div>\n\t\t<\/section>\n\t\t\t\t<section class=\"elementor-element elementor-element-c12b61b elementor-section-boxed elementor-section-height-default elementor-section-height-default elementor-section elementor-top-section\" data-id=\"c12b61b\" data-element_type=\"section\">\n\t\t\t\t\t\t<div class=\"elementor-container elementor-column-gap-default\">\n\t\t\t\t<div class=\"elementor-row\">\n\t\t\t\t<div class=\"elementor-element elementor-element-0711313 elementor-column elementor-col-33 elementor-top-column\" data-id=\"0711313\" data-element_type=\"column\">\n\t\t\t<div class=\"elementor-column-wrap  elementor-element-populated\">\n\t\t\t\t\t<div class=\"elementor-widget-wrap\">\n\t\t\t\t<div class=\"elementor-element elementor-element-edce97f elementor-widget elementor-widget-text-editor\" data-id=\"edce97f\" data-element_type=\"widget\" data-widget_type=\"text-editor.default\">\n\t\t\t\t<div class=\"elementor-widget-container\">\n\t\t\t\t\t<div class=\"elementor-text-editor elementor-clearfix\"><p style=\"font-size: 16px; font-style: normal; font-weight: 400;\"><strong><span style=\"font-size: 16px;\"><img decoding=\"async\" loading=\"lazy\" class=\"alignnone size-medium wp-image-336\" src=\"http:\/\/emrg-tcs.com\/wp-content\/uploads\/2020\/08\/EMRG-DELIVERY-Logo-300x199.png\" alt=\"\" width=\"300\" height=\"199\" srcset=\"https:\/\/emrg-tcs.com\/wp-content\/uploads\/2020\/08\/EMRG-DELIVERY-Logo-300x199.png 300w, https:\/\/emrg-tcs.com\/wp-content\/uploads\/2020\/08\/EMRG-DELIVERY-Logo-768x508.png 768w, https:\/\/emrg-tcs.com\/wp-content\/uploads\/2020\/08\/EMRG-DELIVERY-Logo.png 804w\" sizes=\"(max-width: 300px) 100vw, 300px\" \/><\/span><\/strong><\/p><p style=\"font-size: 16px; font-style: normal; font-weight: 400;\"><strong><span style=\"font-size: 16px;\">Content Delivery<\/span><\/strong><\/p><ul><li>Ausgew\u00e4hlter Content wird nahtlos als html auf Ihrer Website angezeigt.<\/li><li>Inhalte k\u00f6nnen gefiltert werden.<\/li><li>Vorgefilterte Produktauswahlen werden \u00fcbernommen.<\/li><li>Layout, Gestaltung, CI, Logos, Schriften etc. k\u00f6nnen individuell angepasst werden.<\/li><\/ul><\/div>\n\t\t\t\t<\/div>\n\t\t\t\t<\/div>\n\t\t\t\t\t\t<\/div>\n\t\t\t<\/div>\n\t\t<\/div>\n\t\t\t\t<div class=\"elementor-element elementor-element-b89de8f elementor-column elementor-col-33 elementor-top-column\" data-id=\"b89de8f\" data-element_type=\"column\">\n\t\t\t<div class=\"elementor-column-wrap  elementor-element-populated\">\n\t\t\t\t\t<div class=\"elementor-widget-wrap\">\n\t\t\t\t<div class=\"elementor-element elementor-element-0d4c949 elementor-widget elementor-widget-text-editor\" data-id=\"0d4c949\" data-element_type=\"widget\" data-widget_type=\"text-editor.default\">\n\t\t\t\t<div class=\"elementor-widget-container\">\n\t\t\t\t\t<div class=\"elementor-text-editor elementor-clearfix\"><p><img decoding=\"async\" loading=\"lazy\" class=\"alignnone size-medium wp-image-338\" src=\"http:\/\/emrg-tcs.com\/wp-content\/uploads\/2020\/08\/EMRG-AETHER-Logo-300x199.png\" alt=\"\" width=\"300\" height=\"199\" srcset=\"https:\/\/emrg-tcs.com\/wp-content\/uploads\/2020\/08\/EMRG-AETHER-Logo-300x199.png 300w, https:\/\/emrg-tcs.com\/wp-content\/uploads\/2020\/08\/EMRG-AETHER-Logo-768x508.png 768w, https:\/\/emrg-tcs.com\/wp-content\/uploads\/2020\/08\/EMRG-AETHER-Logo.png 804w\" sizes=\"(max-width: 300px) 100vw, 300px\" \/><\/p><p><strong><span style=\"font-size: 16px; font-style: normal;\">Datenbank und Datenverwaltung<\/span><\/strong><\/p><ul><li style=\"font-size: 16px; font-style: normal; font-weight: 400;\"><span style=\"font-size: 16px;\">Zentrale Erstellung und Verwaltung der Inhalte.<\/span><\/li><li style=\"font-size: 16px; font-style: normal; font-weight: 400;\"><span style=\"font-size: 16px;\">Content wird mit Produktdaten und Wissensnetzen verkn\u00fcpft.<\/span><\/li><li style=\"font-size: 16px; font-style: normal; font-weight: 400;\"><span style=\"font-size: 16px;\">Content wird intelligent.<\/span><\/li><li style=\"font-size: 16px; font-style: normal; font-weight: 400;\"><span style=\"font-size: 16px;\">Automatischer Import von Produktdaten.<\/span><\/li><li style=\"font-size: 16px; font-style: normal; font-weight: 400;\"><span style=\"font-size: 16px;\">Inhalte k\u00f6nnen in jedes beliebige Zielformat exportiert werden.<\/span><\/li><li>\u00dcbersetzung durch Schnittstelle mit Translation Memory System<\/li><\/ul><\/div>\n\t\t\t\t<\/div>\n\t\t\t\t<\/div>\n\t\t\t\t\t\t<\/div>\n\t\t\t<\/div>\n\t\t<\/div>\n\t\t\t\t<div class=\"elementor-element elementor-element-a8724e2 elementor-column elementor-col-33 elementor-top-column\" data-id=\"a8724e2\" data-element_type=\"column\">\n\t\t\t<div class=\"elementor-column-wrap  elementor-element-populated\">\n\t\t\t\t\t<div class=\"elementor-widget-wrap\">\n\t\t\t\t<div class=\"elementor-element elementor-element-6e4ebd1 elementor-widget elementor-widget-text-editor\" data-id=\"6e4ebd1\" data-element_type=\"widget\" data-widget_type=\"text-editor.default\">\n\t\t\t\t<div class=\"elementor-widget-container\">\n\t\t\t\t\t<div class=\"elementor-text-editor elementor-clearfix\"><p><img decoding=\"async\" loading=\"lazy\" class=\"alignnone wp-image-337 size-medium\" src=\"http:\/\/emrg-tcs.com\/wp-content\/uploads\/2020\/08\/EMRG-REPUBLIC-Logo-300x199.png\" alt=\"\" width=\"300\" height=\"199\" srcset=\"https:\/\/emrg-tcs.com\/wp-content\/uploads\/2020\/08\/EMRG-REPUBLIC-Logo-300x199.png 300w, https:\/\/emrg-tcs.com\/wp-content\/uploads\/2020\/08\/EMRG-REPUBLIC-Logo-768x508.png 768w, https:\/\/emrg-tcs.com\/wp-content\/uploads\/2020\/08\/EMRG-REPUBLIC-Logo.png 804w\" sizes=\"(max-width: 300px) 100vw, 300px\" \/><\/p><p style=\"font-size: 16px; font-style: normal; font-weight: 400;\"><strong><span style=\"font-size: 16px; font-style: normal;\">Community Platform<\/span><\/strong><\/p><ul style=\"font-size: 16px; font-style: normal; font-weight: 400;\"><li style=\"font-size: 16px;\">Firmen stellen Inhalte f\u00fcr die Nutzung durch Enduser zur Verf\u00fcgung.<\/li><li>Firmen ohne Bedarf einer Delivery L\u00f6sung k\u00f6nnen Inhalte erstellen und dem User geb\u00fcndelt zur Verf\u00fcgung stellen.<\/li><li style=\"font-size: 16px;\">User k\u00f6nnen nach Registrierung Inhalte erstellen, bearbeiten und teilen.<\/li><li style=\"font-size: 16px;\">User k\u00f6nnen virtuelles Fahrrad abbilden und ihre Teile verkn\u00fcpfen.<\/li><li>User k\u00f6nnen Inhalte kommentieren, liken und teilen.<\/li><\/ul><\/div>\n\t\t\t\t<\/div>\n\t\t\t\t<\/div>\n\t\t\t\t\t\t<\/div>\n\t\t\t<\/div>\n\t\t<\/div>\n\t\t\t\t\t\t<\/div>\n\t\t\t<\/div>\n\t\t<\/section>\n\t\t\t\t<section class=\"elementor-element elementor-element-a8559d8 elementor-section-boxed elementor-section-height-default elementor-section-height-default elementor-section elementor-top-section\" data-id=\"a8559d8\" data-element_type=\"section\">\n\t\t\t\t\t\t<div class=\"elementor-container elementor-column-gap-default\">\n\t\t\t\t<div class=\"elementor-row\">\n\t\t\t\t<div class=\"elementor-element elementor-element-7d35fbc elementor-column elementor-col-100 elementor-top-column\" data-id=\"7d35fbc\" data-element_type=\"column\">\n\t\t\t<div class=\"elementor-column-wrap  elementor-element-populated\">\n\t\t\t\t\t<div class=\"elementor-widget-wrap\">\n\t\t\t\t<div class=\"elementor-element elementor-element-d6827c0 elementor-widget elementor-widget-text-editor\" data-id=\"d6827c0\" data-element_type=\"widget\" data-widget_type=\"text-editor.default\">\n\t\t\t\t<div class=\"elementor-widget-container\">\n\t\t\t\t\t<div class=\"elementor-text-editor elementor-clearfix\"><p><strong>Verkn\u00fcpfungen und Beziehungen<\/strong> sind die Kernfunktion des EMRG Systems. Ein Fahrrad besteht aus einer \u00fcberschaubaren Anzahl an Komponenten. Sind diese Komponenten einmal im EMRG System erfasst, k\u00f6nnen diese untereinander in Beziehung gesetzt werden. Eine Gesamtdokumentation eines Teilsystems muss so im besten Fall nur neu verkn\u00fcpft werden. Die Inhalte sind schon vorhanden und m\u00fcssen nicht neu erstellt werden. So entsteht ein hersteller\u00fcbergreifendes Netz von Informations- und Produktverkn\u00fcpfungen.<\/p><\/div>\n\t\t\t\t<\/div>\n\t\t\t\t<\/div>\n\t\t\t\t\t\t<\/div>\n\t\t\t<\/div>\n\t\t<\/div>\n\t\t\t\t\t\t<\/div>\n\t\t\t<\/div>\n\t\t<\/section>\n\t\t\t\t\t\t<\/div>\n\t\t\t<\/div>\n\t\t<\/div>\n\t\t","protected":false},"excerpt":{"rendered":"<p>Content Delivery Ausgew\u00e4hlter Content wird nahtlos als html auf Ihrer Website angezeigt. Inhalte k\u00f6nnen gefiltert werden. Vorgefilterte Produktauswahlen werden \u00fcbernommen. Layout, Gestaltung, CI, Logos, Schriften etc. k\u00f6nnen individuell angepasst werden. Datenbank und Datenverwaltung Zentrale Erstellung und Verwaltung der Inhalte. Content wird mit Produktdaten und Wissensnetzen verkn\u00fcpft. Content wird intelligent. Automatischer Import von Produktdaten. Inhalte k\u00f6nnen &hellip;<\/p>\n<p class=\"read-more\"> <a class=\"\" href=\"https:\/\/emrg-tcs.com\/?page_id=239\"> <span class=\"screen-reader-text\">Systemdetails<\/span> Read More &raquo;<\/a><\/p>\n","protected":false},"author":2,"featured_media":0,"parent":0,"menu_order":0,"comment_status":"closed","ping_status":"closed","template":"","meta":[],"yoast_head":"<!-- This site is optimized with the Yoast SEO plugin v14.7 - https:\/\/yoast.com\/wordpress\/plugins\/seo\/ -->\n<title>Systemdetails - EMRG Bike<\/title>\n<meta name=\"robots\" content=\"index, follow\" \/>\n<meta name=\"googlebot\" content=\"index, follow, max-snippet:-1, max-image-preview:large, max-video-preview:-1\" \/>\n<meta name=\"bingbot\" content=\"index, follow, max-snippet:-1, max-image-preview:large, max-video-preview:-1\" \/>\n<link rel=\"canonical\" href=\"https:\/\/emrg-tcs.com\/?page_id=239\" \/>\n<meta property=\"og:locale\" content=\"en_US\" \/>\n<meta property=\"og:type\" content=\"article\" \/>\n<meta property=\"og:title\" content=\"Systemdetails - EMRG Bike\" \/>\n<meta property=\"og:description\" content=\"Content Delivery Ausgew\u00e4hlter Content wird nahtlos als html auf Ihrer Website angezeigt. Inhalte k\u00f6nnen gefiltert werden. Vorgefilterte Produktauswahlen werden \u00fcbernommen. Layout, Gestaltung, CI, Logos, Schriften etc. k\u00f6nnen individuell angepasst werden. Datenbank und Datenverwaltung Zentrale Erstellung und Verwaltung der Inhalte. Content wird mit Produktdaten und Wissensnetzen verkn\u00fcpft. Content wird intelligent. Automatischer Import von Produktdaten. Inhalte k\u00f6nnen &hellip; Systemdetails Read More &raquo;\" \/>\n<meta property=\"og:url\" content=\"https:\/\/emrg-tcs.com\/?page_id=239\" \/>\n<meta property=\"og:site_name\" content=\"EMRG Bike\" \/>\n<meta property=\"article:modified_time\" content=\"2020-08-19T07:55:53+00:00\" \/>\n<meta property=\"og:image\" content=\"http:\/\/emrg-tcs.com\/wp-content\/uploads\/2020\/08\/Grafik_Datenstro\u0308me_180820_01-003-01.png\" \/>\n<meta name=\"twitter:card\" content=\"summary_large_image\" \/>\n<script type=\"application\/ld+json\" class=\"yoast-schema-graph\">{\"@context\":\"https:\/\/schema.org\",\"@graph\":[{\"@type\":\"WebSite\",\"@id\":\"https:\/\/emrg-tcs.com\/#website\",\"url\":\"https:\/\/emrg-tcs.com\/\",\"name\":\"EMRG Bike\",\"description\":\"Just another WordPress site\",\"potentialAction\":[{\"@type\":\"SearchAction\",\"target\":\"https:\/\/emrg-tcs.com\/?s={search_term_string}\",\"query-input\":\"required name=search_term_string\"}],\"inLanguage\":\"en-US\"},{\"@type\":\"ImageObject\",\"@id\":\"https:\/\/emrg-tcs.com\/?page_id=239#primaryimage\",\"inLanguage\":\"en-US\",\"url\":\"http:\/\/emrg-tcs.com\/wp-content\/uploads\/2020\/08\/Grafik_Datenstro\\u0308me_180820_01-003-01.png\"},{\"@type\":\"WebPage\",\"@id\":\"https:\/\/emrg-tcs.com\/?page_id=239#webpage\",\"url\":\"https:\/\/emrg-tcs.com\/?page_id=239\",\"name\":\"Systemdetails - EMRG Bike\",\"isPartOf\":{\"@id\":\"https:\/\/emrg-tcs.com\/#website\"},\"primaryImageOfPage\":{\"@id\":\"https:\/\/emrg-tcs.com\/?page_id=239#primaryimage\"},\"datePublished\":\"2020-08-12T12:45:14+00:00\",\"dateModified\":\"2020-08-19T07:55:53+00:00\",\"inLanguage\":\"en-US\",\"potentialAction\":[{\"@type\":\"ReadAction\",\"target\":[\"https:\/\/emrg-tcs.com\/?page_id=239\"]}]}]}<\/script>\n<!-- \/ Yoast SEO plugin. -->","_links":{"self":[{"href":"https:\/\/emrg-tcs.com\/index.php?rest_route=\/wp\/v2\/pages\/239"}],"collection":[{"href":"https:\/\/emrg-tcs.com\/index.php?rest_route=\/wp\/v2\/pages"}],"about":[{"href":"https:\/\/emrg-tcs.com\/index.php?rest_route=\/wp\/v2\/types\/page"}],"author":[{"embeddable":true,"href":"https:\/\/emrg-tcs.com\/index.php?rest_route=\/wp\/v2\/users\/2"}],"replies":[{"embeddable":true,"href":"https:\/\/emrg-tcs.com\/index.php?rest_route=%2Fwp%2Fv2%2Fcomments&post=239"}],"version-history":[{"count":19,"href":"https:\/\/emrg-tcs.com\/index.php?rest_route=\/wp\/v2\/pages\/239\/revisions"}],"predecessor-version":[{"id":389,"href":"https:\/\/emrg-tcs.com\/index.php?rest_route=\/wp\/v2\/pages\/239\/revisions\/389"}],"wp:attachment":[{"href":"https:\/\/emrg-tcs.com\/index.php?rest_route=%2Fwp%2Fv2%2Fmedia&parent=239"}],"curies":[{"name":"wp","href":"https:\/\/api.w.org\/{rel}","templated":true}]}}